{"id":150,"date":"2022-06-13T14:27:22","date_gmt":"2022-06-13T14:27:22","guid":{"rendered":"https:\/\/sani-consult.de\/?page_id=150"},"modified":"2023-04-01T10:20:02","modified_gmt":"2023-04-01T10:20:02","slug":"foerderprogramme","status":"publish","type":"page","link":"https:\/\/sani-consult.de\/?page_id=150","title":{"rendered":"F\u00f6rderprogramme"},"content":{"rendered":"\n<p>Gerne helfe ich Ihnen beim Nutzen der F\u00f6rderprogramme des Landes\/Bundes.<\/p>\n\n\n\n<p>Der Bund als auch das Land stellen je nach Bundesland F\u00f6rderprogramme zur Digitalisierung zur Verf\u00fcgung.  Mehr Informationen zu diesem Thema erhalten Sie auf den entsprechenden Webseiten.<\/p>\n\n\n\n<p>Sani-Consult ist offiziell bei der BAFA gelistet.<\/p>\n\n\n\n<figure class=\"wp-block-image size-full is-style-rounded\"><img loading=\"lazy\" decoding=\"async\" width=\"142\" height=\"100\" src=\"http:\/\/sani-consult.de\/wp-content\/uploads\/2023\/03\/bafa-logo.jpg\" alt=\"Bundesamt f\u00fcr Wirtschaft und Ausfuhrkontrolle\" class=\"wp-image-216\" title=\"Logo der BAFA\"\/><\/figure>\n\n\n\n<p><\/p>\n\n\n\n<div class=\"wp-block-buttons is-layout-flex wp-block-buttons-is-layout-flex\">\n<div class=\"wp-block-button\"><a class=\"wp-block-button__link\" href=\"\" target=\"_blank\" rel=\"noreferrer noopener\">F\u00f6rderung &#8211; Bayern &#8211; Digitalbonus Bayern<\/a><\/div>\n<\/div>\n\n\n\n<p><\/p>\n\n\n\n<div class=\"wp-block-buttons is-layout-flex wp-block-buttons-is-layout-flex\">\n<div class=\"wp-block-button\"><a class=\"wp-block-button__link\" href=\"\" target=\"_blank\" rel=\"noreferrer noopener\">F\u00f6rderung &#8211; BW &#8211; Digitalisierungspr\u00e4mie Plus<\/a><\/div>\n<\/div>\n\n\n\n<p><\/p>\n\n\n\n<div class=\"wp-block-buttons is-layout-flex wp-block-buttons-is-layout-flex\">\n<div class=\"wp-block-button\"><a class=\"wp-block-button__link\" href=\"\" target=\"_blank\" rel=\"noreferrer noopener\">F\u00f6rderung &#8211; Hessen &#8211; Digitales Hessen<\/a><\/div>\n<\/div>\n\n\n\n<p><\/p>\n\n\n\n<div class=\"wp-block-buttons is-layout-flex wp-block-buttons-is-layout-flex\">\n<div class=\"wp-block-button\"><a class=\"wp-block-button__link\" href=\"\" target=\"_blank\" rel=\"noreferrer noopener\">F\u00f6rderung &#8211; NRW &#8211; verschiedene F\u00f6rderprogramme<\/a><\/div>\n<\/div>\n\n\n\n<p><\/p>\n\n\n\n<div class=\"wp-block-buttons is-layout-flex wp-block-buttons-is-layout-flex\">\n<div class=\"wp-block-button\"><a class=\"wp-block-button__link\" href=\"\" target=\"_blank\" rel=\"noreferrer noopener\">F\u00f6rderung &#8211; RLP &#8211; Digitalisierung f\u00fcr den Mittelstand<\/a><\/div>\n<\/div>\n\n\n\n<p><\/p>\n\n\n\n<div class=\"wp-block-buttons is-layout-flex wp-block-buttons-is-layout-flex\">\n<div class=\"wp-block-button\"><a class=\"wp-block-button__link\" href=\"\" target=\"_blank\" rel=\"noreferrer noopener\">F\u00f6rderung &#8211; Saarland &#8211; Digitalierungsf\u00f6rderung<\/a><\/div>\n<\/div>\n\n\n\n<p>Aktuell sind nur die F\u00f6rderprogramme aus dem Einzugsgebiet gelistet- weitere Bundesl\u00e4nder k\u00f6nnen nach Absprache gelistet werden.<\/p>\n","protected":false},"excerpt":{"rendered":"<p>Gerne helfe ich Ihnen beim Nutzen der F\u00f6rderprogramme des Landes\/Bundes. Der Bund als auch das Land stellen je nach Bundesland F\u00f6rderprogramme zur Digitalisierung zur Verf\u00fcgung. <a class=\"more-link\" href=\"https:\/\/sani-consult.de\/?page_id=150\">weiterlesen&#8230;<\/a><\/p>\n","protected":false},"author":1,"featured_media":5,"parent":0,"menu_order":0,"comment_status":"closed","ping_status":"closed","template":"","meta":{"footnotes":""},"class_list":["post-150","page","type-page","status-publish","has-post-thumbnail","hentry"],"yoast_head":"<!-- This site is optimized with the Yoast SEO plugin v20.4 - https:\/\/yoast.com\/wordpress\/plugins\/seo\/ -->\n<title>F\u00f6rderprogramme - Sani-Consult<\/title>\n<meta name=\"description\" content=\"Gerne helfe ich Ihnen beim Nutzen der F\u00f6rderprogramme des Landes\/Bundes. Der Bund als auch das Land stellen je nach Bundesland F\u00f6rderprogramme zur Digitalisierung zur Verf\u00fcgung. Mehr Informationen zu diesem Thema erhalten Sie auf den entsprechenden Webseiten. Sani-Consult ist offiziell bei der BAFA gelistet.\" \/>\n<meta name=\"robots\" content=\"index, follow, max-snippet:-1, max-image-preview:large, max-video-preview:-1\" \/>\n<link rel=\"canonical\" href=\"http:\/\/sani-consult.de\/?page_id=150\" \/>\n<meta property=\"og:locale\" content=\"de_DE\" \/>\n<meta property=\"og:type\" content=\"article\" \/>\n<meta property=\"og:title\" content=\"F\u00f6rderprogramme - Sani-Consult\" \/>\n<meta property=\"og:description\" content=\"Gerne helfe ich Ihnen beim Nutzen der F\u00f6rderprogramme des Landes\/Bundes. Der Bund als auch das Land stellen je nach Bundesland F\u00f6rderprogramme zur Digitalisierung zur Verf\u00fcgung. Mehr Informationen zu diesem Thema erhalten Sie auf den entsprechenden Webseiten. Sani-Consult ist offiziell bei der BAFA gelistet.\" \/>\n<meta property=\"og:url\" content=\"http:\/\/sani-consult.de\/?page_id=150\" \/>\n<meta property=\"og:site_name\" content=\"Sani-Consult\" \/>\n<meta property=\"article:modified_time\" content=\"2023-04-01T10:20:02+00:00\" \/>\n<meta property=\"og:image\" content=\"http:\/\/sani-consult.de\/wp-content\/uploads\/2016\/05\/macbook-606763_1920.jpg\" \/>\n\t<meta property=\"og:image:width\" content=\"1920\" \/>\n\t<meta property=\"og:image:height\" content=\"1275\" \/>\n\t<meta property=\"og:image:type\" content=\"image\/jpeg\" \/>\n<meta name=\"twitter:card\" content=\"summary_large_image\" \/>\n<meta name=\"twitter:label1\" content=\"Gesch\u00e4tzte Lesezeit\" \/>\n\t<meta name=\"twitter:data1\" content=\"1\u00a0Minute\" \/>\n<script type=\"application\/ld+json\" class=\"yoast-schema-graph\">{\"@context\":\"https:\/\/schema.org\",\"@graph\":[{\"@type\":\"WebPage\",\"@id\":\"http:\/\/sani-consult.de\/?page_id=150\",\"url\":\"http:\/\/sani-consult.de\/?page_id=150\",\"name\":\"F\u00f6rderprogramme - Sani-Consult\",\"isPartOf\":{\"@id\":\"https:\/\/sani-consult.de\/#website\"},\"datePublished\":\"2022-06-13T14:27:22+00:00\",\"dateModified\":\"2023-04-01T10:20:02+00:00\",\"description\":\"Gerne helfe ich Ihnen beim Nutzen der F\u00f6rderprogramme des Landes\/Bundes. Der Bund als auch das Land stellen je nach Bundesland F\u00f6rderprogramme zur Digitalisierung zur Verf\u00fcgung. Mehr Informationen zu diesem Thema erhalten Sie auf den entsprechenden Webseiten. Sani-Consult ist offiziell bei der BAFA gelistet.\",\"breadcrumb\":{\"@id\":\"http:\/\/sani-consult.de\/?page_id=150#breadcrumb\"},\"inLanguage\":\"de\",\"potentialAction\":[{\"@type\":\"ReadAction\",\"target\":[\"http:\/\/sani-consult.de\/?page_id=150\"]}]},{\"@type\":\"BreadcrumbList\",\"@id\":\"http:\/\/sani-consult.de\/?page_id=150#breadcrumb\",\"itemListElement\":[{\"@type\":\"ListItem\",\"position\":1,\"name\":\"Startseite\",\"item\":\"https:\/\/sani-consult.de\/\"},{\"@type\":\"ListItem\",\"position\":2,\"name\":\"F\u00f6rderprogramme\"}]},{\"@type\":\"WebSite\",\"@id\":\"https:\/\/sani-consult.de\/#website\",\"url\":\"https:\/\/sani-consult.de\/\",\"name\":\"Sani-Consult - Prozessberatung f\u00fcr Sanit\u00e4tsh\u00e4user\",\"description\":\"Beratung und Prozessplanung f\u00fcr Leistungserbringer im Gesundheitswesen\",\"publisher\":{\"@id\":\"https:\/\/sani-consult.de\/#organization\"},\"alternateName\":\"-Consult\",\"potentialAction\":[{\"@type\":\"SearchAction\",\"target\":{\"@type\":\"EntryPoint\",\"urlTemplate\":\"https:\/\/sani-consult.de\/?s={search_term_string}\"},\"query-input\":\"required name=search_term_string\"}],\"inLanguage\":\"de\"},{\"@type\":\"Organization\",\"@id\":\"https:\/\/sani-consult.de\/#organization\",\"name\":\"Sani-Consult - Prozessberatung f\u00fcr Sanit\u00e4tsh\u00e4user\",\"url\":\"https:\/\/sani-consult.de\/\",\"logo\":{\"@type\":\"ImageObject\",\"inLanguage\":\"de\",\"@id\":\"https:\/\/sani-consult.de\/#\/schema\/logo\/image\/\",\"url\":\"https:\/\/sani-consult.de\/wp-content\/uploads\/2022\/06\/cropped-cropped-logo-sc-mail.png\",\"contentUrl\":\"https:\/\/sani-consult.de\/wp-content\/uploads\/2022\/06\/cropped-cropped-logo-sc-mail.png\",\"width\":124,\"height\":96,\"caption\":\"Sani-Consult - Prozessberatung f\u00fcr Sanit\u00e4tsh\u00e4user\"},\"image\":{\"@id\":\"https:\/\/sani-consult.de\/#\/schema\/logo\/image\/\"}}]}<\/script>\n<!-- \/ Yoast SEO plugin. -->","yoast_head_json":{"title":"F\u00f6rderprogramme - Sani-Consult","description":"Gerne helfe ich Ihnen beim Nutzen der F\u00f6rderprogramme des Landes\/Bundes. Der Bund als auch das Land stellen je nach Bundesland F\u00f6rderprogramme zur Digitalisierung zur Verf\u00fcgung. Mehr Informationen zu diesem Thema erhalten Sie auf den entsprechenden Webseiten. Sani-Consult ist offiziell bei der BAFA gelistet.","robots":{"index":"index","follow":"follow","max-snippet":"max-snippet:-1","max-image-preview":"max-image-preview:large","max-video-preview":"max-video-preview:-1"},"canonical":"http:\/\/sani-consult.de\/?page_id=150","og_locale":"de_DE","og_type":"article","og_title":"F\u00f6rderprogramme - Sani-Consult","og_description":"Gerne helfe ich Ihnen beim Nutzen der F\u00f6rderprogramme des Landes\/Bundes. Der Bund als auch das Land stellen je nach Bundesland F\u00f6rderprogramme zur Digitalisierung zur Verf\u00fcgung. Mehr Informationen zu diesem Thema erhalten Sie auf den entsprechenden Webseiten. Sani-Consult ist offiziell bei der BAFA gelistet.","og_url":"http:\/\/sani-consult.de\/?page_id=150","og_site_name":"Sani-Consult","article_modified_time":"2023-04-01T10:20:02+00:00","og_image":[{"width":1920,"height":1275,"url":"http:\/\/sani-consult.de\/wp-content\/uploads\/2016\/05\/macbook-606763_1920.jpg","type":"image\/jpeg"}],"twitter_card":"summary_large_image","twitter_misc":{"Gesch\u00e4tzte Lesezeit":"1\u00a0Minute"},"schema":{"@context":"https:\/\/schema.org","@graph":[{"@type":"WebPage","@id":"http:\/\/sani-consult.de\/?page_id=150","url":"http:\/\/sani-consult.de\/?page_id=150","name":"F\u00f6rderprogramme - Sani-Consult","isPartOf":{"@id":"https:\/\/sani-consult.de\/#website"},"datePublished":"2022-06-13T14:27:22+00:00","dateModified":"2023-04-01T10:20:02+00:00","description":"Gerne helfe ich Ihnen beim Nutzen der F\u00f6rderprogramme des Landes\/Bundes. Der Bund als auch das Land stellen je nach Bundesland F\u00f6rderprogramme zur Digitalisierung zur Verf\u00fcgung. Mehr Informationen zu diesem Thema erhalten Sie auf den entsprechenden Webseiten. Sani-Consult ist offiziell bei der BAFA gelistet.","breadcrumb":{"@id":"http:\/\/sani-consult.de\/?page_id=150#breadcrumb"},"inLanguage":"de","potentialAction":[{"@type":"ReadAction","target":["http:\/\/sani-consult.de\/?page_id=150"]}]},{"@type":"BreadcrumbList","@id":"http:\/\/sani-consult.de\/?page_id=150#breadcrumb","itemListElement":[{"@type":"ListItem","position":1,"name":"Startseite","item":"https:\/\/sani-consult.de\/"},{"@type":"ListItem","position":2,"name":"F\u00f6rderprogramme"}]},{"@type":"WebSite","@id":"https:\/\/sani-consult.de\/#website","url":"https:\/\/sani-consult.de\/","name":"Sani-Consult - Prozessberatung f\u00fcr Sanit\u00e4tsh\u00e4user","description":"Beratung und Prozessplanung f\u00fcr Leistungserbringer im Gesundheitswesen","publisher":{"@id":"https:\/\/sani-consult.de\/#organization"},"alternateName":"-Consult","potentialAction":[{"@type":"SearchAction","target":{"@type":"EntryPoint","urlTemplate":"https:\/\/sani-consult.de\/?s={search_term_string}"},"query-input":"required name=search_term_string"}],"inLanguage":"de"},{"@type":"Organization","@id":"https:\/\/sani-consult.de\/#organization","name":"Sani-Consult - Prozessberatung f\u00fcr Sanit\u00e4tsh\u00e4user","url":"https:\/\/sani-consult.de\/","logo":{"@type":"ImageObject","inLanguage":"de","@id":"https:\/\/sani-consult.de\/#\/schema\/logo\/image\/","url":"https:\/\/sani-consult.de\/wp-content\/uploads\/2022\/06\/cropped-cropped-logo-sc-mail.png","contentUrl":"https:\/\/sani-consult.de\/wp-content\/uploads\/2022\/06\/cropped-cropped-logo-sc-mail.png","width":124,"height":96,"caption":"Sani-Consult - Prozessberatung f\u00fcr Sanit\u00e4tsh\u00e4user"},"image":{"@id":"https:\/\/sani-consult.de\/#\/schema\/logo\/image\/"}}]}},"_links":{"self":[{"href":"https:\/\/sani-consult.de\/index.php?rest_route=\/wp\/v2\/pages\/150","targetHints":{"allow":["GET"]}}],"collection":[{"href":"https:\/\/sani-consult.de\/index.php?rest_route=\/wp\/v2\/pages"}],"about":[{"href":"https:\/\/sani-consult.de\/index.php?rest_route=\/wp\/v2\/types\/page"}],"author":[{"embeddable":true,"href":"https:\/\/sani-consult.de\/index.php?rest_route=\/wp\/v2\/users\/1"}],"replies":[{"embeddable":true,"href":"https:\/\/sani-consult.de\/index.php?rest_route=%2Fwp%2Fv2%2Fcomments&post=150"}],"version-history":[{"count":6,"href":"https:\/\/sani-consult.de\/index.php?rest_route=\/wp\/v2\/pages\/150\/revisions"}],"predecessor-version":[{"id":224,"href":"https:\/\/sani-consult.de\/index.php?rest_route=\/wp\/v2\/pages\/150\/revisions\/224"}],"wp:featuredmedia":[{"embeddable":true,"href":"https:\/\/sani-consult.de\/index.php?rest_route=\/wp\/v2\/media\/5"}],"wp:attachment":[{"href":"https:\/\/sani-consult.de\/index.php?rest_route=%2Fwp%2Fv2%2Fmedia&parent=150"}],"curies":[{"name":"wp","href":"https:\/\/api.w.org\/{rel}","templated":true}]}}