{"id":59,"date":"2016-09-08T08:11:19","date_gmt":"2016-09-08T08:11:19","guid":{"rendered":"https:\/\/sani-consult.de\/?page_id=59"},"modified":"2022-07-04T10:52:56","modified_gmt":"2022-07-04T10:52:56","slug":"das-cockpit","status":"publish","type":"page","link":"https:\/\/sani-consult.de\/?page_id=59","title":{"rendered":"Das Cockpit!"},"content":{"rendered":"\n<p>Das Cockpit f\u00fcr Sachbearbeiter &#8211; von hier gelangen Sie schnell auf alle Portale und Seiten, die Sie f\u00fcr Ihre t\u00e4gliche Abwicklung ben\u00f6tigen.<\/p>\n\n\n\n<p>Ein Link fehlt? Dann her damit, und wir erg\u00e4nzen diesen &#8222;Service&#8220;.<\/p>\n\n\n\n<hr class=\"wp-block-separator has-alpha-channel-opacity\"\/>\n\n\n\n<p><strong>Hilfsmittel-Management<\/strong><\/p>\n\n\n\n<ul class=\"wp-block-list\"><li><a href=\"https:\/\/www.mip-ekv.de\">MIP<\/a><\/li><li><a href=\"https:\/\/www.zhp-online.de\/\" target=\"_blank\" rel=\"noreferrer noopener\">ZHP<\/a><\/li><li><a href=\"http:\/\/www.sani-aktuell.de\/infos\/sanitaetshaus-aktuell-ag\/log-in.html\" target=\"_blank\" rel=\"noreferrer noopener\">EGOS<\/a><\/li><\/ul>\n\n\n\n<hr class=\"wp-block-separator has-alpha-channel-opacity\"\/>\n\n\n\n<p><strong>Hilfsmittelverzeichnis<\/strong><\/p>\n\n\n\n<ul class=\"wp-block-list\"><li><a href=\"https:\/\/www.rehadat-gkv.de\/\" target=\"_blank\" rel=\"noreferrer noopener\">GKV-Hilfmittelverzeichnis<\/a><\/li><\/ul>\n\n\n\n<hr class=\"wp-block-separator has-alpha-channel-opacity\"\/>\n\n\n\n<p><strong>Vertr\u00e4ge<\/strong><\/p>\n\n\n\n<ul class=\"wp-block-list\"><li><a href=\"https:\/\/www.rsr.de\/SitePages\/Vertragsmanagement.aspx\">RSR-Login<\/a><\/li><li><a href=\"https:\/\/cura-net.de\/\" data-type=\"URL\" data-id=\"https:\/\/cura-net.de\/\" target=\"_blank\" rel=\"noreferrer noopener\">https:\/\/cura-net.de\/<\/a><\/li><\/ul>\n\n\n\n<hr class=\"wp-block-separator has-alpha-channel-opacity\"\/>\n\n\n\n<p><strong>Sonstiges:<\/strong><\/p>\n\n\n\n<ul class=\"wp-block-list\"><li><a href=\"https:\/\/www.dhl.de\/de\/paket\/information\/sendungsverfolgung.html\">DHL-Sendungsverfo<\/a><a href=\"https:\/\/www.dhl.de\/de\/paket\/information\/sendungsverfolgung.html\" target=\"_blank\" rel=\"noreferrer noopener\">l<\/a><a href=\"https:\/\/www.dhl.de\/de\/paket\/information\/sendungsverfolgung.html\">gung<\/a><\/li><li><a href=\"https:\/\/www.tclog.de\/TCLOGPortal\/DEU\/24558\/LoginOnStart.aspx#\/RemoteLogin.aspx\" target=\"_blank\" rel=\"noreferrer noopener\">TC-Log Sendungsverfolgung<\/a><\/li><li><a href=\"http:\/\/www.trans-o-flex.de\/tracking\/de.htm\" target=\"_blank\" rel=\"noreferrer noopener\">Transoflex Sendungsverfolgung<\/a><\/li><\/ul>\n","protected":false},"excerpt":{"rendered":"<p>Das Cockpit f\u00fcr Sachbearbeiter &#8211; von hier gelangen Sie schnell auf alle Portale und Seiten, die Sie f\u00fcr Ihre t\u00e4gliche Abwicklung ben\u00f6tigen. Ein Link fehlt? <a class=\"more-link\" href=\"https:\/\/sani-consult.de\/?page_id=59\">weiterlesen&#8230;<\/a><\/p>\n","protected":false},"author":1,"featured_media":0,"parent":0,"menu_order":0,"comment_status":"closed","ping_status":"closed","template":"","meta":{"footnotes":""},"class_list":["post-59","page","type-page","status-publish","hentry"],"yoast_head":"<!-- This site is optimized with the Yoast SEO plugin v20.4 - https:\/\/yoast.com\/wordpress\/plugins\/seo\/ -->\n<title>Das Cockpit! - Sani-Consult<\/title>\n<meta name=\"robots\" content=\"index, follow, max-snippet:-1, max-image-preview:large, max-video-preview:-1\" \/>\n<link rel=\"canonical\" href=\"https:\/\/sani-consult.de\/?page_id=59\" \/>\n<meta property=\"og:locale\" content=\"de_DE\" \/>\n<meta property=\"og:type\" content=\"article\" \/>\n<meta property=\"og:title\" content=\"Das Cockpit! - Sani-Consult\" \/>\n<meta property=\"og:description\" content=\"Das Cockpit f\u00fcr Sachbearbeiter &#8211; von hier gelangen Sie schnell auf alle Portale und Seiten, die Sie f\u00fcr Ihre t\u00e4gliche Abwicklung ben\u00f6tigen. Ein Link fehlt? weiterlesen...\" \/>\n<meta property=\"og:url\" content=\"https:\/\/sani-consult.de\/?page_id=59\" \/>\n<meta property=\"og:site_name\" content=\"Sani-Consult\" \/>\n<meta property=\"article:modified_time\" content=\"2022-07-04T10:52:56+00:00\" \/>\n<meta property=\"og:image\" content=\"https:\/\/sani-consult.de\/wp-content\/uploads\/2023\/04\/Screenshot-2023-04-01-110108.png\" \/>\n\t<meta property=\"og:image:width\" content=\"1567\" \/>\n\t<meta property=\"og:image:height\" content=\"805\" \/>\n\t<meta property=\"og:image:type\" content=\"image\/png\" \/>\n<meta name=\"twitter:card\" content=\"summary_large_image\" \/>\n<script type=\"application\/ld+json\" class=\"yoast-schema-graph\">{\"@context\":\"https:\/\/schema.org\",\"@graph\":[{\"@type\":\"WebPage\",\"@id\":\"https:\/\/sani-consult.de\/?page_id=59\",\"url\":\"https:\/\/sani-consult.de\/?page_id=59\",\"name\":\"Das Cockpit! - Sani-Consult\",\"isPartOf\":{\"@id\":\"https:\/\/sani-consult.de\/#website\"},\"datePublished\":\"2016-09-08T08:11:19+00:00\",\"dateModified\":\"2022-07-04T10:52:56+00:00\",\"breadcrumb\":{\"@id\":\"https:\/\/sani-consult.de\/?page_id=59#breadcrumb\"},\"inLanguage\":\"de\",\"potentialAction\":[{\"@type\":\"ReadAction\",\"target\":[\"https:\/\/sani-consult.de\/?page_id=59\"]}]},{\"@type\":\"BreadcrumbList\",\"@id\":\"https:\/\/sani-consult.de\/?page_id=59#breadcrumb\",\"itemListElement\":[{\"@type\":\"ListItem\",\"position\":1,\"name\":\"Startseite\",\"item\":\"https:\/\/sani-consult.de\/\"},{\"@type\":\"ListItem\",\"position\":2,\"name\":\"Das Cockpit!\"}]},{\"@type\":\"WebSite\",\"@id\":\"https:\/\/sani-consult.de\/#website\",\"url\":\"https:\/\/sani-consult.de\/\",\"name\":\"Sani-Consult - Prozessberatung f\u00fcr Sanit\u00e4tsh\u00e4user\",\"description\":\"Beratung und Prozessplanung f\u00fcr Leistungserbringer im Gesundheitswesen\",\"publisher\":{\"@id\":\"https:\/\/sani-consult.de\/#organization\"},\"alternateName\":\"-Consult\",\"potentialAction\":[{\"@type\":\"SearchAction\",\"target\":{\"@type\":\"EntryPoint\",\"urlTemplate\":\"https:\/\/sani-consult.de\/?s={search_term_string}\"},\"query-input\":\"required name=search_term_string\"}],\"inLanguage\":\"de\"},{\"@type\":\"Organization\",\"@id\":\"https:\/\/sani-consult.de\/#organization\",\"name\":\"Sani-Consult - Prozessberatung f\u00fcr Sanit\u00e4tsh\u00e4user\",\"url\":\"https:\/\/sani-consult.de\/\",\"logo\":{\"@type\":\"ImageObject\",\"inLanguage\":\"de\",\"@id\":\"https:\/\/sani-consult.de\/#\/schema\/logo\/image\/\",\"url\":\"https:\/\/sani-consult.de\/wp-content\/uploads\/2022\/06\/cropped-cropped-logo-sc-mail.png\",\"contentUrl\":\"https:\/\/sani-consult.de\/wp-content\/uploads\/2022\/06\/cropped-cropped-logo-sc-mail.png\",\"width\":124,\"height\":96,\"caption\":\"Sani-Consult - Prozessberatung f\u00fcr Sanit\u00e4tsh\u00e4user\"},\"image\":{\"@id\":\"https:\/\/sani-consult.de\/#\/schema\/logo\/image\/\"}}]}<\/script>\n<!-- \/ Yoast SEO plugin. -->","yoast_head_json":{"title":"Das Cockpit! - Sani-Consult","robots":{"index":"index","follow":"follow","max-snippet":"max-snippet:-1","max-image-preview":"max-image-preview:large","max-video-preview":"max-video-preview:-1"},"canonical":"https:\/\/sani-consult.de\/?page_id=59","og_locale":"de_DE","og_type":"article","og_title":"Das Cockpit! - Sani-Consult","og_description":"Das Cockpit f\u00fcr Sachbearbeiter &#8211; von hier gelangen Sie schnell auf alle Portale und Seiten, die Sie f\u00fcr Ihre t\u00e4gliche Abwicklung ben\u00f6tigen. Ein Link fehlt? weiterlesen...","og_url":"https:\/\/sani-consult.de\/?page_id=59","og_site_name":"Sani-Consult","article_modified_time":"2022-07-04T10:52:56+00:00","og_image":[{"width":1567,"height":805,"url":"https:\/\/sani-consult.de\/wp-content\/uploads\/2023\/04\/Screenshot-2023-04-01-110108.png","type":"image\/png"}],"twitter_card":"summary_large_image","schema":{"@context":"https:\/\/schema.org","@graph":[{"@type":"WebPage","@id":"https:\/\/sani-consult.de\/?page_id=59","url":"https:\/\/sani-consult.de\/?page_id=59","name":"Das Cockpit! - Sani-Consult","isPartOf":{"@id":"https:\/\/sani-consult.de\/#website"},"datePublished":"2016-09-08T08:11:19+00:00","dateModified":"2022-07-04T10:52:56+00:00","breadcrumb":{"@id":"https:\/\/sani-consult.de\/?page_id=59#breadcrumb"},"inLanguage":"de","potentialAction":[{"@type":"ReadAction","target":["https:\/\/sani-consult.de\/?page_id=59"]}]},{"@type":"BreadcrumbList","@id":"https:\/\/sani-consult.de\/?page_id=59#breadcrumb","itemListElement":[{"@type":"ListItem","position":1,"name":"Startseite","item":"https:\/\/sani-consult.de\/"},{"@type":"ListItem","position":2,"name":"Das Cockpit!"}]},{"@type":"WebSite","@id":"https:\/\/sani-consult.de\/#website","url":"https:\/\/sani-consult.de\/","name":"Sani-Consult - Prozessberatung f\u00fcr Sanit\u00e4tsh\u00e4user","description":"Beratung und Prozessplanung f\u00fcr Leistungserbringer im Gesundheitswesen","publisher":{"@id":"https:\/\/sani-consult.de\/#organization"},"alternateName":"-Consult","potentialAction":[{"@type":"SearchAction","target":{"@type":"EntryPoint","urlTemplate":"https:\/\/sani-consult.de\/?s={search_term_string}"},"query-input":"required name=search_term_string"}],"inLanguage":"de"},{"@type":"Organization","@id":"https:\/\/sani-consult.de\/#organization","name":"Sani-Consult - Prozessberatung f\u00fcr Sanit\u00e4tsh\u00e4user","url":"https:\/\/sani-consult.de\/","logo":{"@type":"ImageObject","inLanguage":"de","@id":"https:\/\/sani-consult.de\/#\/schema\/logo\/image\/","url":"https:\/\/sani-consult.de\/wp-content\/uploads\/2022\/06\/cropped-cropped-logo-sc-mail.png","contentUrl":"https:\/\/sani-consult.de\/wp-content\/uploads\/2022\/06\/cropped-cropped-logo-sc-mail.png","width":124,"height":96,"caption":"Sani-Consult - Prozessberatung f\u00fcr Sanit\u00e4tsh\u00e4user"},"image":{"@id":"https:\/\/sani-consult.de\/#\/schema\/logo\/image\/"}}]}},"_links":{"self":[{"href":"https:\/\/sani-consult.de\/index.php?rest_route=\/wp\/v2\/pages\/59","targetHints":{"allow":["GET"]}}],"collection":[{"href":"https:\/\/sani-consult.de\/index.php?rest_route=\/wp\/v2\/pages"}],"about":[{"href":"https:\/\/sani-consult.de\/index.php?rest_route=\/wp\/v2\/types\/page"}],"author":[{"embeddable":true,"href":"https:\/\/sani-consult.de\/index.php?rest_route=\/wp\/v2\/users\/1"}],"replies":[{"embeddable":true,"href":"https:\/\/sani-consult.de\/index.php?rest_route=%2Fwp%2Fv2%2Fcomments&post=59"}],"version-history":[{"count":8,"href":"https:\/\/sani-consult.de\/index.php?rest_route=\/wp\/v2\/pages\/59\/revisions"}],"predecessor-version":[{"id":211,"href":"https:\/\/sani-consult.de\/index.php?rest_route=\/wp\/v2\/pages\/59\/revisions\/211"}],"wp:attachment":[{"href":"https:\/\/sani-consult.de\/index.php?rest_route=%2Fwp%2Fv2%2Fmedia&parent=59"}],"curies":[{"name":"wp","href":"https:\/\/api.w.org\/{rel}","templated":true}]}}